on divisor of 244930 and 42?
14
Calculate the highest common divisor of 488 and 948428.
244
Calculate the highest common factor of 70 and 27405.
35
What is the highest common divisor of 22211 and 25403?
133
What is the highest common divisor of 25422 and 4683?
669
What is the greatest common factor of 271213 and 734?
367
Calculate the greatest common divisor of 1832 and 2048.
8
What is the highest common factor of 74936 and 170?
34
Calculate the greatest common divisor of 10305 and 1065995.
1145
Calculate the highest common divisor of 14866 and 7.
1
Calculate the greatest common factor of 15440 and 16.
16
Calculate the highest common factor of 345588 and 8.
4
What is the highest common factor of 5031 and 117?
117
What is the greatest common divisor of 705912 and 12?
12
Calculate the highest common divisor of 118 and 2828106.
118
What is the highest common factor of 144 and 20934?
18
What is the highest common factor of 1097349 and 429?
33
What is the highest common factor of 23075 and 89531?
923
What is the highest common divisor of 92366 and 2?
2
What is the greatest common factor of 512 and 157952?
256
What is the highest common factor of 126 and 134874?
18
What is the highest common factor of 2 and 50156?
2
What is the greatest common factor of 22814 and 748?
374
Calculate the highest common divisor of 5767 and 103569.
79
What is the highest common factor of 52521 and 492?
123
Calculate the greatest common divisor of 1670 and 12358.
334
What is the highest common divisor of 2552 and 3074?
58
Calculate the highest common factor of 129015 and 6588.
549
What is the highest common divisor of 2967 and 10922?
43
Calculate the highest common divisor of 13361 and 899.
31
What is the highest common factor of 1188 and 182556?
396
What is the greatest common factor of 1988 and 368277?
497
What is the greatest common divisor of 2171 and 10688?
167
Calculate the greatest common divisor of 41010 and 55.
5
What is the highest common factor of 15 and 36165?
15
What is the highest common divisor of 112 and 71472?
16
What is the highest common factor of 1224 and 1059678?
306
What is the greatest common divisor of 863742 and 69?
69
What is the greatest common divisor of 142 and 491746?
142
Calculate the greatest common factor of 350 and 108717.
7
What is the highest common factor of 150821 and 121?
11
What is the greatest common factor of 459546 and 1146?
1146
Calculate the greatest common divisor of 15293 and 328.
41
Calculate the highest common divisor of 4379 and 245979.
151
What is the highest common divisor of 1353873 and 177?
177
Calculate the greatest common divisor of 2671193 and 357.
119
What is the greatest common factor of 35391 and 24534?
141
Calculate the greatest common factor of 14212 and 166364.
836
Calculate the highest common divisor of 4480 and 2480.
80
Calculate the highest common divisor of 8 and 2916.
4
Calculate the greatest common factor of 49 and 749.
7
What is the greatest common factor of 6745 and 8550?
95
Calculate the greatest common factor of 648 and 94122.
162
What is the greatest common factor of 51 and 778?
1
What is the highest common factor of 306314 and 1702?
46
Calculate the greatest common factor of 360 and 55215.
45
What is the highest common factor of 2256 and 9168?
48
Calculate the greatest common factor of 8651 and 6478.
41
What is the highest common divisor of 66767 and 179?
179
What is the highest common factor of 17592 and 384?
24
What is the greatest common factor of 14 and 30254?
14
What is the highest common divisor of 42 and 54756?
6
What is the greatest common factor of 51920 and 660?
220
Calculate the greatest common factor of 80 and 10780.
20
Calculate the greatest common factor of 234872 and 20944.
1496
Calculate the greatest common factor of 156128 and 3731.
287
Calculate the greatest common factor of 221348 and 20.
4
What is the greatest common factor of 101126 and 250244?
1714
What is the greatest common divisor of 1871 and 107?
1
Calculate the highest common factor of 8 and 448696.
8
What is the greatest common factor of 34 and 439909?
17
Calculate the greatest common factor of 2938 and 21809.
113
What is the highest common divisor of 517 and 68432?
47
What is the highest common factor of 590206 and 34?
34
Calculate the highest common factor of 2124425 and 25.
25
What is the greatest common factor of 40450 and 3200?
50
What is the highest common divisor of 1709 and 15854393?
1709
Calculate the highest common factor of 124182 and 306.
18
What is the greatest common factor of 906 and 4275867?
453
Calculate the greatest common factor of 1691 and 7866.
19
What is the greatest common factor of 665 and 280?
35
Calculate the greatest common divisor of 1109997 and 63.
63
Calculate the highest common divisor of 32 and 11728.
16
What is the highest common factor of 1785 and 6015?
15
What is the greatest common divisor of 2027935 and 13?
13
Calculate the highest common factor of 442 and 130934.
34
Calculate the greatest common factor of 35720 and 470.
470
What is the greatest common divisor of 524 and 223093?
131
What is the greatest common factor of 169 and 279071?
13
Calculate the highest common divisor of 27020 and 216353.
193
Calculate the greatest common factor of 18 and 7890.
6
What is the greatest common divisor of 8 and 9843672?
8
Calculate the greatest common factor of 2736 and 212952.
456
What is the highest common factor of 63 and 15822?
9
Calculate the highest common factor of 41 and 72119.
41
What is the highest common factor of 161 and 32256?
7
Calculate the greatest common divisor of 2824464 and 1824.
912
Calculate the highest common factor of 131636 and 12.
4
What is the highest common factor of 23785 and 9301?
71
Calculate the greatest common divisor of 60132 and 732.
12
Calculate the greatest common factor of 10 and 13632.
2
Calculate the highest common divisor of 3564 and 2508.
132
What is the greatest common factor of 165 and 6360?
15
Calculate the greatest common divisor of 8 and 468.
4
Calculate the greatest common divisor of 3564 and 2376.
1188
What is the greatest common factor of 1152 and 70208?
64
Calculate the greatest common divisor of 29965 and 520.
65
What is the greatest common factor of 96 and 4722?
6
What is the highest common divisor of 33588 and 55047?
933
What is the greatest common divisor of 298497 and 584?
73
What is the greatest common factor of 36851 and 43?
43
Calculate the greatest common divisor of 51 and 41939.
17
Calculate the greatest common factor of 249 and 624907.
83
What is the greatest common factor of 40171 and 4309?
139
What is the highest common divisor of 117 and 2777931?
117
What is the highest common divisor of 33056 and 848?
16
Calculate the greatest common factor of 350 and 518.
14
Calculate the highest common divisor of 2483779 and 1478.
739
What is the highest common factor of 225 and 62625?
75
Calculate the greatest common factor of 85 and 1957465.
85
What is the greatest common factor of 892 and 127110?
446
What is the greatest common divisor of 286 and 20141?
11
What is the greatest common divisor of 1393 and 1302?
7
What is the highest common factor of 5004072 and 162?
54
What is the highest common factor of 663 and 389?
1
Calculate the greatest common divisor of 2064 and 109680.
48
What is the greatest common divisor of 307590 and 20?
10
What is the highest common factor of 68 and 219266?
34
What is the greatest common factor of 411 and 141?
3
What is the greatest common factor of 1673 and 728?
7
Calculate the highest common factor of 11500 and 1100.
100
What is the highest common divisor of 20033 and 603?
67
What is the highest common divisor of 6 and 283866?
6
What is the highest common divisor of 43029 and 1197?
63
What is the greatest common factor of 533 and 943?
41
Calculate the greatest common factor of 47145 and 5040.
105
Calculate the greatest common divisor of 20371 and 1144.
13
What is the highest common factor of 10155 and 75?
15
What is the highest common factor of 377985 and 2?
1
Calculate the greatest common factor of 50 and 11150.
50
What is the highest common factor of 124118 and 3664?
458
What is the highest common divisor of 12956 and 24600?
164
What is the greatest common factor of 93 and 2367501?
93
Calculate the greatest 